+ 4/12)/(-1 + (-56)/(-54)).
35
Let r = 3 + -1. Calculate the remainder when ((-108)/(-63))/(114/56 - r) is divided by 13.
9
Let m = -1249 - -1280. Calculate the remainder when m is divided by 7.
3
Suppose -11*w - 209 + 4785 = 0. Calculate the remainder when w is divided by 40.
16
Let k be (0 - 6)/((-18)/12). Suppose 0 = k*v - 3*s - 20, -v = 4*v + s - 25. What is the remainder when (-6)/4*(-42)/9 is divided by v?
2
Let m(z) = -z**3 + 50*z**2 - 42*z - 157. Calculate the remainder when m(49) is divided by 28.
18
Let r = 1198 + -1189. Calculate the remainder when 125 is divided by r.
8
Let k(n) = 2*n**2 - n + 15. Let j be k(0). Let q(t) = t**3 - 14*t**2 - 13*t - 20. What is the remainder when 19 is divided by q(j)?
9
Suppose 0 - 155 = -5*l. Let g(j) = -60*j**2 + 2*j**3 + 17 - 9*j - 6 + 44*j**2. Calculate the remainder when g(9) is divided by l.
30
What is the remainder when 7/(28/1391) - (-8)/32 is divided by 10?
8
Let h = 14 - -6. Suppose -12*g - 770 = -22*g. What is the remainder when g is divided by h?
17
Suppose -5*w + 11 + 4 = 0. Suppose 2*f - 13 + 5 = 0. Calculate the remainder when f is divided by w.
1
Let b(k) = -k**3 + 15*k**2 - 3*k + 15. Let y be b(15). Let x = y - -33. What is the remainder when 8 is divided by x?
2
Calculate the remainder when (1 + 36)/((-20)/(-180)) is divided by 28.
25
Let h = -9 + 13. Suppose v - 6*o - 16 = -o, -4*v + 16 = -h*o. Let b = 3 - v. Calculate the remainder when 6 is divided by b.
0
Let j be (4/(-10))/((-4)/(-40)). Calculate the remainder when -19*3*j/12 is divided by 7.
5
Suppose 0 = 6*z - 3*z - 69. Suppose -15*v + 18*v = -90. Calculate the remainder when z is divided by 4 - (6/(-4))/(v/(-40)).
5
Suppose -5*i + 11 = 1. Let k = 17 + 43. Suppose -k = -3*o - i*o. What is the remainder when o is divided by 8?
4
Let g be 255/(-10) - 1/(-2). Let d = -17 - g. Let q = -58 - -80. What is the remainder when q is divided by d?
6
Suppose -5*v - 281 = -3*i, -i + v - 2 = -93. Suppose -3*u + 39 = -27. Calculate the remainder when i is divided by u.
21
Suppose 0*f - 5*f + 1185 = 5*x, -4*x + 908 = -4*f. What is the remainder when x is divided by 80?
72
Let a = 18 - -13. Let n = 96 + -80. Calculate the remainder when a is divided by n.
15
Let t be (13/26)/(1/(-314)). Let c = t - -87. Let i = c - -130. What is the remainder when i is divided by 21?
18
Let q = 1216 + -1199. Suppose -20 = 5*y - 0*y. Let f(u) = u**3 + 8*u**2 - u - 2. What is the remainder when f(y) is divided by q?
15
Let m(v) be the second derivative of v**4/12 - v**3/3 - 3*v**2 - 4*v. Suppose 11*d - 293 = 477. Calculate the remainder when d is divided by m(6).
16
Let g(m) = m**3 + 14*m**2 - 2*m - 16. Calculate the remainder when 248 is divided by g(-14).
8
What is the remainder when 166 + (-3 - -57)/9 is divided by 41?
8
Suppose 8 = -6*s + 2*s. What is the remainder when (112/(-12))/(((-12)/9)/4) is divided by (11 - -1) + s*1?
8
Let z = -21 + 42. Let y = -4 + 3. Let j = z + y. What is the remainder when 77 is divided by j?
17
Suppose -4*w + 35 = -169. What is the remainder when w is divided by 18?
15
Let q(a) = 17*a**3 + 2*a**2 - 2*a + 3. Let l = 14 - -22. Calculate the remainder when q(2) is divided by l.
35
Let n = 225 + -208. Calculate the remainder when 26 is divided by n.
9
Suppose f - 18 = 2*m, 0*f + 5*f + 5*m = 90. Suppose 2*x = 146 + f. What is the remainder when x is divided by 12?
10
Let y = 1509 + -1446. What is the remainder when y is divided by ((-5)/(5/22))/(-1)?
19
Let w(k) = k**3 - 4*k**2 + k + 2. Let x be (-5)/15*(-21 + -2 + 2). Suppose -4*l = -5*r + 127, x*l + 12 = 3*l. What is the remainder when r is divided by w(4)?
5
Let a(w) = 2*w**2 + 6*w - 3. Let n(k) = 2*k + 18. Let i be n(-8). What is the remainder when a(i) is divided by 11?
6
Let l be 8 + -6*(-6)/(-9). Suppose 184 = 4*f - l*t, -f + 3*t + 61 = 7. Calculate the remainder when 528/14 + 12/f is divided by 10.
8
Let u = -8 - -10. Suppose 3*m - u = -5*x - 5, -5*m + 11 = 3*x. Calculate the remainder when (x*(-124)/6)/2 is divided by 8.
7
Let s = -16 + 6. What is the remainder when s*26/(-4) + 3 is divided by 10?
8
Suppose 2*d = 5*f - 107, 2*f + 3*d = 6*d + 34. Calculate the remainder when 137 is divided by f.
22
Let t(u) = u**3 - 3*u**2 + 2*u - 1. Let s be t(3). Suppose 4*b + 23 = -4*l + 5*l, s*b - 92 = -4*l. Calculate the remainder when l is divided by 8.
7
Suppose -b + 5*i = 3, 3*b - 62 + 5 = 4*i. Let g(h) = 4*h**2 + h. What is the remainder when g(-5) is divided by b?
14
Let i(r) = 0 - 2 + 7 - 2*r. What is the remainder when i(-4) is divided by 5 - (-4 - -1*2)?
6
Let a(i) = 18*i**3 - 2 + 1 - 1 + i**3 + i**2 + 2*i. What is the remainder when a(1) is divided by 12?
8
Suppose -4*h + 0*h = 0, 5*h - 16 = 4*p. Calculate the remainder when 10/45 + (-1 - 1078/(-9)) is divided by p/(-12) - (-178)/6.
29
Suppose -a = -24 - 40. Calculate the remainder when a is divided by 26.
12
Let y = 18 + -14. Let r be y/(-5)*200/(-8). Let p = -13 + r. Calculate the remainder when p is divided by 3.
1
Let t(a) = 2*a**2 - 3*a + 3. Calculate the remainder when 86 is divided by t(-3).
26
Let b = 226 + -211. What is the remainder when 36 is divided by b?
6
Suppose 109 = 9*j - 179. Calculate the remainder when 113 is divided by j.
17
Suppose -122 = 3*b - 140. What is the remainder when 19 is divided by b?
1
Let p(y) = y - 11. Let o be p(9). Let j = 0 - o. Suppose -2*g + 92 = j*g. Calculate the remainder when g is divided by 6.
5
Let w(z) = -z**2 + 7*z + 8. Let n be w(-3). Let t be (-72)/(-34) + n/187. Suppose -t*b + 263 = 49. What is the remainder when b is divided by 27?
26
Suppose -4*q + 395 = 107. What is the remainder when 171/(532/70 - 7) is divided by q?
69
Suppose -14*z = 95 + 3. Let x = 21 + -38. Let p = z - x. What is the remainder when 29 is divided by p?
9
Let s = 205 + -27. Suppose 0 = -5*k + 4*m - 5*m + 445, -2*k - 2*m = -s. Let y = -47 + k. What is the remainder when y is divided by 22?
20
Suppose 4*v - 5*v + 27 = 2*j, 2*j + 5*v - 23 = 0. Calculate the remainder when 237 is divided by j.
13
What is the remainder when 67 - (3 - -3) - 6 is divided by 19?
17
Suppose 107 + 36 = o. What is the remainder when o is divided by 18?
17
Suppose 0 = -y + 3*s + 25 - 5, s - 19 = -2*y. Suppose -2*g + r - 81 = 107, 5*g - 4*r = -473. Calculate the remainder when g/2*(-14)/21 is divided by y.
9
Suppose -5*r - 22*r + 1728 = 0. Suppose 30 = 2*f - 38. What is the remainder when r is divided by f?
30
Let t = 8 + -3. Suppose 0 = 4*x - 9 - 3, -4*m = t*x - 659. Suppose -y - m = -4*o - 6*y, -119 = -3*o - 2*y. Calculate the remainder when o is divided by 20.
19
Let d(w) = w**3 - 5*w**2 - 6*w + 5. Suppose 0 = 3*s - 2*b - 7, -7 = -5*s - 2*b + 26. Calculate the remainder when (-4 - 15)/(s + -6) is divided by d(6).
4
Let o(z) = 3*z**3 + 147*z**2 - 151*z - 33. Let a = 31 - 20. Calculate the remainder when o(-50) is divided by a.
6
Suppose 3*b = 13*b - 70. What is the remainder when 11 is divided by b - 2 - ((-4)/(-4) + 1)?
2
Let g(h) = -2*h**3 - 9*h**2 - 7*h + 10. Let z be g(-6). Let q be z/(-24)*3/(-2). Let x = q - 0. What is the remainder when 29 is divided by x?
9
Suppose 195*n = 196*n - 5. Suppose 8*a = c + 5*a - 10, n*c + 2*a - 67 = 0. What is the remainder when 34 is divided by c?
8
Suppose 2*d = 2*h, 3*d = -0*h - 3*h + 30. Suppose -23 - 242 = -h*l. Calculate the remainder when l is divided by 28.
25
Suppose -6*x + 200 = 14. Calculate the remainder when 120 is divided by x.
27
Let q be 1/(1 - (-8)/(-10)). Suppose q*c + 0*s - 344 = -2*s, -4*c - s = -274. Calculate the remainder when c is divided by 23.
22
Suppose -48 = -8*a - 8. Suppose 2*q - 28 = -f, -3*q + a = 4*f - 97. What is the remainder when 92 is divided by f?
20
Let j be ((-2 - (-6 - -1)) + -23)*1. Let c = j - -44. What is the remainder when c is divided by 9?
6
Suppose -153*q + 173*q - 2920 = 0. Calculate the remainder when q is divided by 40.
26
Let x = 3 - 1. Suppose -2*t - x*t - 5*d = 0, 5*t = 4*d. Suppose -5*r + 137 - 52 = t. What is the remainder when 33 is divided by r?
16
Let b = -148 + 178. Calculate the remainder when b is divided by (32/12)/((-1)/(-3)).
6
Let t(n) = -47*n - 12. Calculate the remainder when t(-1) is divided by 14.
7
Suppose 3*k = -0*k + 5*m + 119, -k - 5*m = -13. Let s = -25 + 53. Calculate the remainder when k is divided by 7/s - 142/(-